factors of 1474?
2, 11, 67
List the prime factors of 17275.
5, 691
List the prime factors of 413.
7, 59
What are the prime factors of 299?
13, 23
List the prime factors of 62170.
2, 5, 6217
What are the prime factors of 131216?
2, 59, 139
List the prime factors of 63054.
2, 3, 31, 113
List the prime factors of 5248.
2, 41
List the prime factors of 16915.
5, 17, 199
List the prime factors of 9459.
3, 1051
List the prime factors of 99658.
2, 13, 3833
List the prime factors of 990.
2, 3, 5, 11
List the prime factors of 2423.
2423
What are the prime factors of 6345?
3, 5, 47
List the prime factors of 41394.
2, 3, 6899
What are the prime factors of 3555?
3, 5, 79
What are the prime factors of 17298?
2, 3, 31
What are the prime factors of 9893?
13, 761
List the prime factors of 6302.
2, 23, 137
List the prime factors of 6145.
5, 1229
List the prime factors of 2222.
2, 11, 101
List the prime factors of 6603.
3, 31, 71
List the prime factors of 9803.
9803
What are the prime factors of 85576?
2, 19, 563
List the prime factors of 1345.
5, 269
List the prime factors of 439.
439
List the prime factors of 45820.
2, 5, 29, 79
What are the prime factors of 48754?
2, 19, 1283
What are the prime factors of 23293?
23293
List the prime factors of 47.
47
What are the prime factors of 1304?
2, 163
List the prime factors of 1584.
2, 3, 11
What are the prime factors of 27305?
5, 43, 127
List the prime factors of 3294.
2, 3, 61
What are the prime factors of 1134?
2, 3, 7
What are the prime factors of 980?
2, 5, 7
What are the prime factors of 30799?
19, 1621
What are the prime factors of 320?
2, 5
List the prime factors of 4676.
2, 7, 167
List the prime factors of 11689.
11689
What are the prime factors of 8943?
3, 11, 271
List the prime factors of 484.
2, 11
What are the prime factors of 17731?
7, 17, 149
List the prime factors of 53282.
2, 26641
What are the prime factors of 3202?
2, 1601
What are the prime factors of 7999?
19, 421
What are the prime factors of 37487?
19, 1973
List the prime factors of 25648.
2, 7, 229
What are the prime factors of 6793?
6793
What are the prime factors of 21698?
2, 19, 571
What are the prime factors of 16017?
3, 19, 281
What are the prime factors of 10392?
2, 3, 433
List the prime factors of 368.
2, 23
List the prime factors of 4144.
2, 7, 37
What are the prime factors of 27387?
3, 17, 179
What are the prime factors of 92904?
2, 3, 7, 79
List the prime factors of 12146.
2, 6073
List the prime factors of 164.
2, 41
What are the prime factors of 153309?
3, 13, 3931
What are the prime factors of 10227?
3, 7, 487
What are the prime factors of 138010?
2, 5, 37, 373
What are the prime factors of 921?
3, 307
What are the prime factors of 9871?
9871
What are the prime factors of 3616?
2, 113
What are the prime factors of 5380?
2, 5, 269
What are the prime factors of 4829?
11, 439
What are the prime factors of 45856?
2, 1433
What are the prime factors of 3292?
2, 823
What are the prime factors of 1011?
3, 337
What are the prime factors of 7424?
2, 29
What are the prime factors of 2294?
2, 31, 37
What are the prime factors of 1554?
2, 3, 7, 37
List the prime factors of 931.
7, 19
What are the prime factors of 6290?
2, 5, 17, 37
What are the prime factors of 33069?
3, 73, 151
What are the prime factors of 1614?
2, 3, 269
List the prime factors of 10254.
2, 3, 1709
List the prime factors of 66495.
3, 5, 11, 13, 31
What are the prime factors of 562?
2, 281
What are the prime factors of 15294?
2, 3, 2549
What are the prime factors of 53692?
2, 31, 433
What are the prime factors of 21688?
2, 2711
What are the prime factors of 3819?
3, 19, 67
List the prime factors of 148053.
3, 17, 2903
List the prime factors of 1469.
13, 113
List the prime factors of 3099.
3, 1033
What are the prime factors of 643?
643
What are the prime factors of 68427?
3, 7603
List the prime factors of 120931.
31, 47, 83
What are the prime factors of 58779?
3, 7, 311
List the prime factors of 25898.
2, 23, 563
What are the prime factors of 193246?
2, 23, 4201
List the prime factors of 15477.
3, 7, 11, 67
What are the prime factors of 13474?
2, 6737
List the prime factors of 3207.
3, 1069
What are the prime factors of 733?
733
List the prime factors of 2536.
2, 317
List the prime factors of 6375.
3, 5, 17
List the prime factors of 8064.
2, 3, 7
What are the prime factors of 8568?
2, 3, 7, 17
List the prime factors of 12583.
12583
What are the prime factors of 900?
2, 3, 5
List the prime factors of 1201.
1201
List the prime factors of 34135.
5, 6827
List the prime factors of 2552.
2, 11, 29
What are the prime factors of 38817?
3, 19, 227
What are the prime factors of 1622?
2, 811
What are the prime factors of 963?
3, 107
List the prime factors of 3615.
3, 5, 241
What are the prime factors of 14003?
11, 19, 67
What are the prime factors of 176?
2, 11
What are the prime factors of 153?
3, 17
What are the prime factors of 1657?
1657
List the prime factors of 1534.
2, 13, 59
What are the prime factors of 15075?
3, 5, 67
What are the prime factors of 4518?
2, 3, 251
What are the prime factors of 13515?
3, 5, 17, 53
What are the prime factors of 1600?
2, 5
List the prime factors of 9661.
9661
What are the prime factors of 8761?
8761
What are the prime factors of 11285?
5, 37, 61
List the prime factors of 2173.
41, 53
What are the prime factors of 17285?
5, 3457
List the prime factors of 25453.
25453
What are the prime factors of 109381?
89, 1229
What are the prime factors of 53304?
2, 3, 2221
List the prime factors of 10295.
5, 29, 71
List the prime factors of 521.
521
What are the prime factors of 6873?
3, 29, 79
What are the prime factors of 640?
2, 5
List the prime factors of 222.
2, 3, 37
List the prime factors of 2610.
2, 3, 5, 29
List the prime factors of 98443.
98443
What are the prime factors of 4604?
2, 1151
What are the prime factors of 9816?
2, 3, 409
What are the prime factors of 82970?
2, 5, 8297
What are the prime factors of 41613?
3, 11, 13, 97
List the prime factors of 2614.
2, 1307
List the prime factors of 8697.
3, 13, 223
What are the prime factors of 637?
7, 13
List the prime factors of 2608.
2, 163
List the prime factors of 16027.
11, 31, 47
List the prime factors of 2467.
2467
List the prime factors of 36077.
43, 839
What are the prime factors of 1103?
1103
List the prime factors of 759.
3, 11, 23
What are the prime factors of 101624?
2, 12703
List the prime factors of 2092.
2, 523
What are the prime factors of 63418?
2, 37, 857
List the prime factors of 34419.
3, 7, 11, 149
List the prime factors of 149.
149
What are the prime factors of 8100?
2, 3, 5
List the prime factors of 8720.
2, 5, 109
What are the prime factors of 9167?
89, 103
List the prime factors of 96499.
13, 571
What are the prime factors of 6798?
2, 3, 11, 103
What are the prime factors of 5358?
2, 3, 19, 47
List the prime factors of 13709.
13709
List the prime factors of 5334.
2, 3, 7, 127
What are the prime factors of 78347?
78347
What are the prime factors of 522?
2, 3, 29
What are the prime factors of 7212?
2, 3, 601
List the prime factors of 1015.
5, 7, 29
What are the prime factors of 1593?
3, 59
List the prime factors of 358.
2, 179
What are the prime factors of 3818?
2, 23, 83
List the prime factors of 1570.
2, 5, 157
What are the prime factors of 62058?
2, 3, 10343
List the prime factors of 65479.
65479
List the prime factors of 9805.
5, 37, 53
What are the prime factors of 17577?
3, 7, 31
What are the prime factors of 12686?
2, 6343
List the prime factors of 738.
2, 3, 41
What are the prime factors of 824?
2, 103
List the prime factors of 12547.
12547
List the prime factors of 253.
11, 23
List the prime factors of 5111.
19, 269
List the prime factors of 630.
2, 3, 5, 7
List the prime factors of 10992.
2, 3, 229
List the prime factors of 6738.
2, 3, 1123
List the prime factors of 1859.
11, 13
What are the prime factors of 424?
2, 53
What are the prime factors of 121?
11
What are the prime factors of 38648?
2, 4831
List the prime factors of 4319.
7, 617
List the prime factors of 81168.
2, 3, 19, 89
What are the prime factors of 3628?
2, 907
What are the prime factors of 62311?
62311
List the prime factors of 176813.
7, 13, 29, 67
What are the prime factors of 2028?
2, 3, 13
What are 